{"id":630,"date":"2014-10-08T15:46:01","date_gmt":"2014-10-08T13:46:01","guid":{"rendered":"http:\/\/116.203.103.232\/umlaut\/?post_type=product&#038;p=630"},"modified":"2023-10-23T12:28:29","modified_gmt":"2023-10-23T10:28:29","slug":"ca-va-pas-du-tout-je-suis","status":"publish","type":"product","link":"https:\/\/www.umlautrecords.com\/fr\/produit\/ca-va-pas-du-tout-je-suis\/","title":{"rendered":"\u00c7a Va Pas du Tout! (LP)"},"content":{"rendered":"<p><span style=\"font-weight: 400;\">Le LP \u00ab\u00a0Ca va pas du tout!\u00a0\u00bb est un enregistrement live au <\/span><span style=\"font-weight: 400;\">\u00a0Ume\u00e5 Jazz Festival 2013, pr\u00e9sentant une chute libre dans le pr\u00e9cipice du jazz.<\/span><\/p>\n<p><span style=\"font-weight: 400;\">Le CD jette une question de l\u2019int\u00e9rieur, \u00e7a va?, et le LP y r\u00e9pond \u00e0 l&rsquo;ext\u00e9rieur : \u00e7a va pas du tout!. Que ce soit un dialogue int\u00e9rieur du leader du groupe ou une perspective sur la soci\u00e9t\u00e9 d\u2019aujourd\u2019hui, la question restera en suspens. Quoi qu\u2019il en soit, la musique sur ces deux enregistrements est en plein \u00e9panouissement et constitue l\u2019exp\u00e9rience totale de Je Suis!<\/span><\/p>\n","protected":false},"excerpt":{"rendered":"<p>Le LP \u00ab\u00a0Ca va pas du tout!\u00a0\u00bb est un enregistrement live au \u00a0Ume\u00e5 Jazz Festival 2013, pr\u00e9sentant une chute libre dans le pr\u00e9cipice&hellip;<\/p>\n","protected":false},"featured_media":632,"template":"","meta":{"_acf_changed":false},"product_brand":[],"product_cat":[29],"product_tag":[],"class_list":{"0":"post-630","1":"product","2":"type-product","3":"status-publish","4":"has-post-thumbnail","6":"product_cat-album","7":"product_shipping_class-vinyle","9":"first","10":"outofstock","11":"taxable","12":"shipping-taxable","13":"purchasable","14":"product-type-simple"},"acf":[],"yoast_head":"<!-- This site is optimized with the Yoast SEO plugin v27.0 - https:\/\/yoast.com\/product\/yoast-seo-wordpress\/ -->\n<title>\u00c7a Va Pas du Tout! (LP) - Umlaut records<\/title>\n<meta name=\"robots\" content=\"index, follow, max-snippet:-1, max-image-preview:large, max-video-preview:-1\" \/>\n<link rel=\"canonical\" href=\"https:\/\/www.umlautrecords.com\/fr\/produit\/ca-va-pas-du-tout-je-suis\/\" \/>\n<meta property=\"og:locale\" content=\"fr_FR\" \/>\n<meta property=\"og:type\" content=\"article\" \/>\n<meta property=\"og:title\" content=\"\u00c7a Va Pas du Tout! (LP) - Umlaut records\" \/>\n<meta property=\"og:description\" content=\"Le LP \u00ab\u00a0Ca va pas du tout!\u00a0\u00bb est un enregistrement live au \u00a0Ume\u00e5 Jazz Festival 2013, pr\u00e9sentant une chute libre dans le pr\u00e9cipice&hellip;\" \/>\n<meta property=\"og:url\" content=\"https:\/\/www.umlautrecords.com\/fr\/produit\/ca-va-pas-du-tout-je-suis\/\" \/>\n<meta property=\"og:site_name\" content=\"Umlaut records\" \/>\n<meta property=\"article:publisher\" content=\"https:\/\/www.facebook.com\/umlautrecords\" \/>\n<meta property=\"article:modified_time\" content=\"2023-10-23T10:28:29+00:00\" \/>\n<meta property=\"og:image\" content=\"https:\/\/www.umlautrecords.com\/wp-content\/uploads\/2020\/06\/lp_cover_3mmindd.jpg\" \/>\n\t<meta property=\"og:image:width\" content=\"1417\" \/>\n\t<meta property=\"og:image:height\" content=\"1417\" \/>\n\t<meta property=\"og:image:type\" content=\"image\/jpeg\" \/>\n<meta name=\"twitter:card\" content=\"summary_large_image\" \/>\n<meta name=\"twitter:label1\" content=\"Dur\u00e9e de lecture estim\u00e9e\" \/>\n\t<meta name=\"twitter:data1\" content=\"1 minute\" \/>\n<script type=\"application\/ld+json\" class=\"yoast-schema-graph\">{\"@context\":\"https:\/\/schema.org\",\"@graph\":[{\"@type\":\"WebPage\",\"@id\":\"https:\/\/www.umlautrecords.com\/fr\/produit\/ca-va-pas-du-tout-je-suis\/\",\"url\":\"https:\/\/www.umlautrecords.com\/fr\/produit\/ca-va-pas-du-tout-je-suis\/\",\"name\":\"\u00c7a Va Pas du Tout! (LP) - Umlaut records\",\"isPartOf\":{\"@id\":\"https:\/\/www.umlautrecords.com\/fr\/#website\"},\"primaryImageOfPage\":{\"@id\":\"https:\/\/www.umlautrecords.com\/fr\/produit\/ca-va-pas-du-tout-je-suis\/#primaryimage\"},\"image\":{\"@id\":\"https:\/\/www.umlautrecords.com\/fr\/produit\/ca-va-pas-du-tout-je-suis\/#primaryimage\"},\"thumbnailUrl\":\"https:\/\/www.umlautrecords.com\/wp-content\/uploads\/2020\/06\/lp_cover_3mmindd.jpg\",\"datePublished\":\"2014-10-08T13:46:01+00:00\",\"dateModified\":\"2023-10-23T10:28:29+00:00\",\"breadcrumb\":{\"@id\":\"https:\/\/www.umlautrecords.com\/fr\/produit\/ca-va-pas-du-tout-je-suis\/#breadcrumb\"},\"inLanguage\":\"fr-FR\",\"potentialAction\":[{\"@type\":\"ReadAction\",\"target\":[\"https:\/\/www.umlautrecords.com\/fr\/produit\/ca-va-pas-du-tout-je-suis\/\"]}]},{\"@type\":\"ImageObject\",\"inLanguage\":\"fr-FR\",\"@id\":\"https:\/\/www.umlautrecords.com\/fr\/produit\/ca-va-pas-du-tout-je-suis\/#primaryimage\",\"url\":\"https:\/\/www.umlautrecords.com\/wp-content\/uploads\/2020\/06\/lp_cover_3mmindd.jpg\",\"contentUrl\":\"https:\/\/www.umlautrecords.com\/wp-content\/uploads\/2020\/06\/lp_cover_3mmindd.jpg\",\"width\":1417,\"height\":1417},{\"@type\":\"BreadcrumbList\",\"@id\":\"https:\/\/www.umlautrecords.com\/fr\/produit\/ca-va-pas-du-tout-je-suis\/#breadcrumb\",\"itemListElement\":[{\"@type\":\"ListItem\",\"position\":1,\"name\":\"Accueil\",\"item\":\"https:\/\/www.umlautrecords.com\/fr\/\"},{\"@type\":\"ListItem\",\"position\":2,\"name\":\"Catalogue\",\"item\":\"https:\/\/www.umlautrecords.com\/fr\/shop\/\"},{\"@type\":\"ListItem\",\"position\":3,\"name\":\"\u00c7a Va Pas du Tout! (LP)\"}]},{\"@type\":\"WebSite\",\"@id\":\"https:\/\/www.umlautrecords.com\/fr\/#website\",\"url\":\"https:\/\/www.umlautrecords.com\/fr\/\",\"name\":\"Umlaut records\",\"description\":\"transformation of sound\",\"publisher\":{\"@id\":\"https:\/\/www.umlautrecords.com\/fr\/#organization\"},\"potentialAction\":[{\"@type\":\"SearchAction\",\"target\":{\"@type\":\"EntryPoint\",\"urlTemplate\":\"https:\/\/www.umlautrecords.com\/fr\/?s={search_term_string}\"},\"query-input\":{\"@type\":\"PropertyValueSpecification\",\"valueRequired\":true,\"valueName\":\"search_term_string\"}}],\"inLanguage\":\"fr-FR\"},{\"@type\":\"Organization\",\"@id\":\"https:\/\/www.umlautrecords.com\/fr\/#organization\",\"name\":\"Umlaut records\",\"url\":\"https:\/\/www.umlautrecords.com\/fr\/\",\"logo\":{\"@type\":\"ImageObject\",\"inLanguage\":\"fr-FR\",\"@id\":\"https:\/\/www.umlautrecords.com\/fr\/#\/schema\/logo\/image\/\",\"url\":\"\",\"contentUrl\":\"\",\"caption\":\"Umlaut records\"},\"image\":{\"@id\":\"https:\/\/www.umlautrecords.com\/fr\/#\/schema\/logo\/image\/\"},\"sameAs\":[\"https:\/\/www.facebook.com\/umlautrecords\",\"https:\/\/www.instagram.com\/umlaut.records\/\",\"https:\/\/www.linkedin.com\/in\/umlaut-records-label-0678b7a4\/\",\"https:\/\/www.youtube.com\/user\/umsight\"]}]}<\/script>\n<!-- \/ Yoast SEO plugin. -->","yoast_head_json":{"title":"\u00c7a Va Pas du Tout! (LP) - Umlaut records","robots":{"index":"index","follow":"follow","max-snippet":"max-snippet:-1","max-image-preview":"max-image-preview:large","max-video-preview":"max-video-preview:-1"},"canonical":"https:\/\/www.umlautrecords.com\/fr\/produit\/ca-va-pas-du-tout-je-suis\/","og_locale":"fr_FR","og_type":"article","og_title":"\u00c7a Va Pas du Tout! (LP) - Umlaut records","og_description":"Le LP \u00ab\u00a0Ca va pas du tout!\u00a0\u00bb est un enregistrement live au \u00a0Ume\u00e5 Jazz Festival 2013, pr\u00e9sentant une chute libre dans le pr\u00e9cipice&hellip;","og_url":"https:\/\/www.umlautrecords.com\/fr\/produit\/ca-va-pas-du-tout-je-suis\/","og_site_name":"Umlaut records","article_publisher":"https:\/\/www.facebook.com\/umlautrecords","article_modified_time":"2023-10-23T10:28:29+00:00","og_image":[{"width":1417,"height":1417,"url":"https:\/\/www.umlautrecords.com\/wp-content\/uploads\/2020\/06\/lp_cover_3mmindd.jpg","type":"image\/jpeg"}],"twitter_card":"summary_large_image","twitter_misc":{"Dur\u00e9e de lecture estim\u00e9e":"1 minute"},"schema":{"@context":"https:\/\/schema.org","@graph":[{"@type":"WebPage","@id":"https:\/\/www.umlautrecords.com\/fr\/produit\/ca-va-pas-du-tout-je-suis\/","url":"https:\/\/www.umlautrecords.com\/fr\/produit\/ca-va-pas-du-tout-je-suis\/","name":"\u00c7a Va Pas du Tout! (LP) - Umlaut records","isPartOf":{"@id":"https:\/\/www.umlautrecords.com\/fr\/#website"},"primaryImageOfPage":{"@id":"https:\/\/www.umlautrecords.com\/fr\/produit\/ca-va-pas-du-tout-je-suis\/#primaryimage"},"image":{"@id":"https:\/\/www.umlautrecords.com\/fr\/produit\/ca-va-pas-du-tout-je-suis\/#primaryimage"},"thumbnailUrl":"https:\/\/www.umlautrecords.com\/wp-content\/uploads\/2020\/06\/lp_cover_3mmindd.jpg","datePublished":"2014-10-08T13:46:01+00:00","dateModified":"2023-10-23T10:28:29+00:00","breadcrumb":{"@id":"https:\/\/www.umlautrecords.com\/fr\/produit\/ca-va-pas-du-tout-je-suis\/#breadcrumb"},"inLanguage":"fr-FR","potentialAction":[{"@type":"ReadAction","target":["https:\/\/www.umlautrecords.com\/fr\/produit\/ca-va-pas-du-tout-je-suis\/"]}]},{"@type":"ImageObject","inLanguage":"fr-FR","@id":"https:\/\/www.umlautrecords.com\/fr\/produit\/ca-va-pas-du-tout-je-suis\/#primaryimage","url":"https:\/\/www.umlautrecords.com\/wp-content\/uploads\/2020\/06\/lp_cover_3mmindd.jpg","contentUrl":"https:\/\/www.umlautrecords.com\/wp-content\/uploads\/2020\/06\/lp_cover_3mmindd.jpg","width":1417,"height":1417},{"@type":"BreadcrumbList","@id":"https:\/\/www.umlautrecords.com\/fr\/produit\/ca-va-pas-du-tout-je-suis\/#breadcrumb","itemListElement":[{"@type":"ListItem","position":1,"name":"Accueil","item":"https:\/\/www.umlautrecords.com\/fr\/"},{"@type":"ListItem","position":2,"name":"Catalogue","item":"https:\/\/www.umlautrecords.com\/fr\/shop\/"},{"@type":"ListItem","position":3,"name":"\u00c7a Va Pas du Tout! (LP)"}]},{"@type":"WebSite","@id":"https:\/\/www.umlautrecords.com\/fr\/#website","url":"https:\/\/www.umlautrecords.com\/fr\/","name":"Umlaut records","description":"transformation of sound","publisher":{"@id":"https:\/\/www.umlautrecords.com\/fr\/#organization"},"potentialAction":[{"@type":"SearchAction","target":{"@type":"EntryPoint","urlTemplate":"https:\/\/www.umlautrecords.com\/fr\/?s={search_term_string}"},"query-input":{"@type":"PropertyValueSpecification","valueRequired":true,"valueName":"search_term_string"}}],"inLanguage":"fr-FR"},{"@type":"Organization","@id":"https:\/\/www.umlautrecords.com\/fr\/#organization","name":"Umlaut records","url":"https:\/\/www.umlautrecords.com\/fr\/","logo":{"@type":"ImageObject","inLanguage":"fr-FR","@id":"https:\/\/www.umlautrecords.com\/fr\/#\/schema\/logo\/image\/","url":"","contentUrl":"","caption":"Umlaut records"},"image":{"@id":"https:\/\/www.umlautrecords.com\/fr\/#\/schema\/logo\/image\/"},"sameAs":["https:\/\/www.facebook.com\/umlautrecords","https:\/\/www.instagram.com\/umlaut.records\/","https:\/\/www.linkedin.com\/in\/umlaut-records-label-0678b7a4\/","https:\/\/www.youtube.com\/user\/umsight"]}]}},"_links":{"self":[{"href":"https:\/\/www.umlautrecords.com\/fr\/wp-json\/wp\/v2\/product\/630","targetHints":{"allow":["GET"]}}],"collection":[{"href":"https:\/\/www.umlautrecords.com\/fr\/wp-json\/wp\/v2\/product"}],"about":[{"href":"https:\/\/www.umlautrecords.com\/fr\/wp-json\/wp\/v2\/types\/product"}],"wp:featuredmedia":[{"embeddable":true,"href":"https:\/\/www.umlautrecords.com\/fr\/wp-json\/wp\/v2\/media\/632"}],"wp:attachment":[{"href":"https:\/\/www.umlautrecords.com\/fr\/wp-json\/wp\/v2\/media?parent=630"}],"wp:term":[{"taxonomy":"product_brand","embeddable":true,"href":"https:\/\/www.umlautrecords.com\/fr\/wp-json\/wp\/v2\/product_brand?post=630"},{"taxonomy":"product_cat","embeddable":true,"href":"https:\/\/www.umlautrecords.com\/fr\/wp-json\/wp\/v2\/product_cat?post=630"},{"taxonomy":"product_tag","embeddable":true,"href":"https:\/\/www.umlautrecords.com\/fr\/wp-json\/wp\/v2\/product_tag?post=630"}],"curies":[{"name":"wp","href":"https:\/\/api.w.org\/{rel}","templated":true}]}}

Ça Va Pas du Tout! (LP)

<p><span style="font-weight: 400;">Le LP « Ca va pas du tout! » est un enregistrement live au </span><span style="font-weight: 400;"> Umeå Jazz Festival 2013, présentant une chute libre dans le précipice du jazz.</span></p>
<p><span style="font-weight: 400;">Le CD jette une question de l’intérieur, ça va?, et le LP y répond à l&rsquo;extérieur : ça va pas du tout!. Que ce soit un dialogue intérieur du leader du groupe ou une perspective sur la société d’aujourd’hui, la question restera en suspens. Quoi qu’il en soit, la musique sur ces deux enregistrements est en plein épanouissement et constitue l’expérience totale de Je Suis!</span></p>

<p>Le LP « Ca va pas du tout! » est un enregistrement live au  Umeå Jazz Festival 2013, présentant une chute libre dans le précipice&hellip;</p>

<!-- This site is optimized with the Yoast SEO plugin v27.0 - https://yoast.com/product/yoast-seo-wordpress/ -->
<title>Ça Va Pas du Tout! (LP) - Umlaut records</title>
<meta name="robots" content="index, follow, max-snippet:-1, max-image-preview:large, max-video-preview:-1" />
<link rel="canonical" href="https://www.umlautrecords.com/fr/produit/ca-va-pas-du-tout-je-suis/" />
<meta property="og:locale" content="fr_FR" />
<meta property="og:type" content="article" />
<meta property="og:title" content="Ça Va Pas du Tout! (LP) - Umlaut records" />
<meta property="og:description" content="Le LP « Ca va pas du tout! » est un enregistrement live au  Umeå Jazz Festival 2013, présentant une chute libre dans le précipice&hellip;" />
<meta property="og:url" content="https://www.umlautrecords.com/fr/produit/ca-va-pas-du-tout-je-suis/" />
<meta property="og:site_name" content="Umlaut records" />
<meta property="article:publisher" content="https://www.facebook.com/umlautrecords" />
<meta property="article:modified_time" content="2023-10-23T10:28:29+00:00" />
<meta property="og:image" content="https://www.umlautrecords.com/wp-content/uploads/2020/06/lp_cover_3mmindd.jpg" />
	<meta property="og:image:width" content="1417" />
	<meta property="og:image:height" content="1417" />
	<meta property="og:image:type" content="image/jpeg" />
<meta name="twitter:card" content="summary_large_image" />
<meta name="twitter:label1" content="Durée de lecture estimée" />
	<meta name="twitter:data1" content="1 minute" />
<script type="application/ld+json" class="yoast-schema-graph">{"@context":"https://schema.org","@graph":[{"@type":"WebPage","@id":"https://www.umlautrecords.com/fr/produit/ca-va-pas-du-tout-je-suis/","url":"https://www.umlautrecords.com/fr/produit/ca-va-pas-du-tout-je-suis/","name":"Ça Va Pas du Tout! (LP) - Umlaut records","isPartOf":{"@id":"https://www.umlautrecords.com/fr/#website"},"primaryImageOfPage":{"@id":"https://www.umlautrecords.com/fr/produit/ca-va-pas-du-tout-je-suis/#primaryimage"},"image":{"@id":"https://www.umlautrecords.com/fr/produit/ca-va-pas-du-tout-je-suis/#primaryimage"},"thumbnailUrl":"https://www.umlautrecords.com/wp-content/uploads/2020/06/lp_cover_3mmindd.jpg","datePublished":"2014-10-08T13:46:01+00:00","dateModified":"2023-10-23T10:28:29+00:00","breadcrumb":{"@id":"https://www.umlautrecords.com/fr/produit/ca-va-pas-du-tout-je-suis/#breadcrumb"},"inLanguage":"fr-FR","potentialAction":[{"@type":"ReadAction","target":["https://www.umlautrecords.com/fr/produit/ca-va-pas-du-tout-je-suis/"]}]},{"@type":"ImageObject","inLanguage":"fr-FR","@id":"https://www.umlautrecords.com/fr/produit/ca-va-pas-du-tout-je-suis/#primaryimage","url":"https://www.umlautrecords.com/wp-content/uploads/2020/06/lp_cover_3mmindd.jpg","contentUrl":"https://www.umlautrecords.com/wp-content/uploads/2020/06/lp_cover_3mmindd.jpg","width":1417,"height":1417},{"@type":"BreadcrumbList","@id":"https://www.umlautrecords.com/fr/produit/ca-va-pas-du-tout-je-suis/#breadcrumb","itemListElement":[{"@type":"ListItem","position":1,"name":"Accueil","item":"https://www.umlautrecords.com/fr/"},{"@type":"ListItem","position":2,"name":"Catalogue","item":"https://www.umlautrecords.com/fr/shop/"},{"@type":"ListItem","position":3,"name":"Ça Va Pas du Tout! (LP)"}]},{"@type":"WebSite","@id":"https://www.umlautrecords.com/fr/#website","url":"https://www.umlautrecords.com/fr/","name":"Umlaut records","description":"transformation of sound","publisher":{"@id":"https://www.umlautrecords.com/fr/#organization"},"potentialAction":[{"@type":"SearchAction","target":{"@type":"EntryPoint","urlTemplate":"https://www.umlautrecords.com/fr/?s={search_term_string}"},"query-input":{"@type":"PropertyValueSpecification","valueRequired":true,"valueName":"search_term_string"}}],"inLanguage":"fr-FR"},{"@type":"Organization","@id":"https://www.umlautrecords.com/fr/#organization","name":"Umlaut records","url":"https://www.umlautrecords.com/fr/","logo":{"@type":"ImageObject","inLanguage":"fr-FR","@id":"https://www.umlautrecords.com/fr/#/schema/logo/image/","url":"","contentUrl":"","caption":"Umlaut records"},"image":{"@id":"https://www.umlautrecords.com/fr/#/schema/logo/image/"},"sameAs":["https://www.facebook.com/umlautrecords","https://www.instagram.com/umlaut.records/","https://www.linkedin.com/in/umlaut-records-label-0678b7a4/","https://www.youtube.com/user/umsight"]}]}</script>
<!-- / Yoast SEO plugin. -->

Ça Va Pas du Tout! (LP) - Umlaut records

Le LP « Ca va pas du tout! » est un enregistrement live au  Umeå Jazz Festival 2013, présentant une chute libre dans le précipice&hellip;
